96162 is divided by 455.
312
Calculate the remainder when 3252349 is divided by 104914.
15
What is the remainder when 931711 is divided by 465612?
487
What is the remainder when 1848391 is divided by 2560?
71
What is the remainder when 3231038 is divided by 1328?
14
Calculate the remainder when 15761 is divided by 3438.
2009
What is the remainder when 790668 is divided by 16468?
204
What is the remainder when 80328 is divided by 160?
8
What is the remainder when 11624255 is divided by 558?
557
What is the remainder when 35523737 is divided by 17761867?
3
What is the remainder when 7798705 is divided by 7798647?
58
What is the remainder when 612040 is divided by 3778?
4
Calculate the remainder when 947989 is divided by 473409.
1171
Calculate the remainder when 904993 is divided by 7322.
4387
What is the remainder when 15649935 is divided by 5833?
5829
What is the remainder when 3020472 is divided by 1055?
7
Calculate the remainder when 2153700 is divided by 82834.
16
What is the remainder when 145648 is divided by 149?
75
What is the remainder when 214141 is divided by 40973?
9276
Calculate the remainder when 133856732 is divided by 362.
354
What is the remainder when 283291 is divided by 47192?
139
Calculate the remainder when 3808050 is divided by 443.
22
Calculate the remainder when 121419 is divided by 30133.
887
What is the remainder when 264951 is divided by 2582?
1587
What is the remainder when 44621215 is divided by 420?
415
What is the remainder when 676294 is divided by 166401?
10690
What is the remainder when 130104 is divided by 8413?
3909
Calculate the remainder when 10402301 is divided by 1040227.
31
What is the remainder when 4386 is divided by 2946?
1440
Calculate the remainder when 8396069 is divided by 86.
61
What is the remainder when 494870 is divided by 17062?
72
Calculate the remainder when 432939 is divided by 144223.
270
Calculate the remainder when 64860 is divided by 31900.
1060
Calculate the remainder when 3507904 is divided by 97.
93
Calculate the remainder when 11713 is divided by 80.
33
What is the remainder when 17433509 is divided by 431?
421
What is the remainder when 23647043 is divided by 11823515?
13
What is the remainder when 20260 is divided by 377?
279
Calculate the remainder when 1176970 is divided by 211.
12
What is the remainder when 11943393 is divided by 1814?
17
What is the remainder when 11644163 is divided by 6616?
3
Calculate the remainder when 24804 is divided by 4755.
1029
What is the remainder when 7755947 is divided by 52?
43
What is the remainder when 73586018 is divided by 1000?
18
What is the remainder when 2637393 is divided by 393?
363
Calculate the remainder when 174376 is divided by 1694.
1588
What is the remainder when 9676043 is divided by 3234?
3149
What is the remainder when 59167 is divided by 2242?
875
Calculate the remainder when 2433457 is divided by 7802.
7035
What is the remainder when 306392699 is divided by 170?
169
Calculate the remainder when 534836 is divided by 2801.
2646
What is the remainder when 247441 is divided by 2656?
433
What is the remainder when 36484 is divided by 12158?
10
What is the remainder when 41221124 is divided by 1010?
1004
What is the remainder when 87388 is divided by 854?
280
What is the remainder when 2544544 is divided by 82?
2
What is the remainder when 29750001 is divided by 316489?
35
Calculate the remainder when 209356 is divided by 973.
161
Calculate the remainder when 11855245 is divided by 53.
46
Calculate the remainder when 23004110 is divided by 44755.
40
What is the remainder when 2541823 is divided by 1966?
1751
What is the remainder when 317182 is divided by 501?
49
Calculate the remainder when 2054321 is divided by 684617.
470
What is the remainder when 32198685 is divided by 10?
5
Calculate the remainder when 2692740 is divided by 299193.
3
Calculate the remainder when 33433 is divided by 27169.
6264
What is the remainder when 2621667 is divided by 873882?
21
Calculate the remainder when 1510579 is divided by 197.
180
Calculate the remainder when 1505274117 is divided by 35.
32
Calculate the remainder when 11393853 is divided by 6330.
6183
What is the remainder when 39138589 is divided by 1518?
1513
What is the remainder when 201423 is divided by 2364?
483
Calculate the remainder when 32348275 is divided by 1283.
1279
Calculate the remainder when 581568 is divided by 128.
64
Calculate the remainder when 135901 is divided by 610.
481
What is the remainder when 53878574 is divided by 830?
784
What is the remainder when 224128015 is divided by 20822?
7
What is the remainder when 110496 is divided by 2210?
2206
What is the remainder when 14284632 is divided by 1405?
1402
What is the remainder when 263923 is divided by 260?
23
What is the remainder when 16377 is divided by 1005?
297
What is the remainder when 59381462 is divided by 5744?
5734
What is the remainder when 129551133 is divided by 624?
621
What is the remainder when 29785369 is divided by 10?
9
What is the remainder when 698198 is divided by 32?
22
Calculate the remainder when 424044 is divided by 412.
96
Calculate the remainder when 93473 is divided by 198.
17
Calculate the remainder when 127614 is divided by 1418.
1412
What is the remainder when 37318 is divided by 8881?
1794
What is the remainder when 91981 is divided by 13128?
85
Calculate the remainder when 658725117 is divided by 80.
77
What is the remainder when 89563 is divided by 1865?
43
What is the remainder when 20055694 is divided by 626740?
14
Calculate the remainder when 525635291 is divided by 1543.
1540
What is the remainder when 7506794 is divided by 60?
14
Calculate the remainder when 52006 is divided by 9964.
2186
What is the remainder when 377362 is divided by 8?
2
Calculate the remainder when 12583 is divided by 1066.
857
What is the remainder when 746413 is divided by 4147?
4100
What is the remainder when 269241 is divided by 4342?
37
What is the remainder when 12126351 is divided by 3043?
3039
What is the remainder when 5304462 is divided by 1924?
1918
What is the remainder when 985510 is divided by 264?
262
What is the remainder when 47736689 is divided by 15?
14
What is the remainder when 12508977 is divided by 36153?
39
Calculate the remainder when 1366043 is divided by 1153.
891
What is the remainder when 2277707 is divided by 212?
191
What is the remainder when 2280115 is divided by 79?
17
Calculate the remainder when 2255030219 is divided by 16801.
16800
What is the remainder when 13633424 is divided by 12?
8
Calculate the remainder when 18065447 is divided by 1992.
1991
Calculate the remainder when 9815770 is divided by 242.
8
Calculate the remainder when 82291364 is divided by 47.
4
Calculate the remainder when 111186 is divided by 21771.
2331
Calculate the remainder when 691751 is divided by 897.
164
Calculate the remainder when 452314 is divided by 7798.
30
Calculate the remainder when 90461 is divided by 15060.
101
What is the remainder when 155105597 is divided by 5?
2
What is the remainder when 12894544 is divided by 313?
196
What is the remainder when 677045 is divided by 248?
5
Calculate the remainder when 81758 is divided by 81315.
443
Calculate the remainder when 1004608 is divided by 1004176.
432
What is the remainder when 4519903 is divided by 195?
193
Calculate the remainder when 534666 is divided by 534623.
43
What is the remainder when 125891 is divided by 96?
35
What is the remainder when 743080 is divided by 247682?
34
Calculate the remainder when 939671 is divided by 18793.
21
What is the remainder when 26761967 is divided by 2735?
2727
What is the remainder when 186318 is divided by 26277?
2379
Calculate the remainder when 38096368 is divided by 49.
44
Calculate the remainder when 959087 is divided by 636.
635
What is the remainder when 53411681 is divided by 9228?
17
What is the remainder when 116020219 is divided by 335?
4
Calculate the remainder when 426415 is divided by 57.
55
What is the remainder when 3661803 is divided by 15582?
33
Calculate the remainder when 1208841 is divided by 518.
347
Calculate the remainder when 84612525 is divided by 257965.
5
What is the remainder when 50024829 is divided by 96?
93
What is the remainder when 3670986 is divided by 1223632?